8) to base 4.
-3212101
What is 1013212303 (base 4) in base 8?
1074663
Convert -80284 (base 10) to base 8.
-234634
-28491 (base 10) to base 7
-146031
Convert 414a7a (base 14) to base 2.
1000011001110010000100
What is 11591a3 (base 13) in base 6?
310523210
1011100010100011011 (base 2) to base 12
1629b7
Convert 1901a (base 15) to base 4.
103302001
What is 11146711 (base 9) in base 12?
198783a
What is -983108 (base 10) in base 7?
-11233130
What is -754915 (base 11) in base 7?
-13154632
Convert 11526465 (base 7) to base 13.
2a1b60
What is 103032023033 (base 4) in base 12?
182bb7b
-538d1 (base 15) to base 16
-40c1e
Convert -48bba (base 16) to base 13.
-a57a6
What is -10110101200011 (base 3) in base 15?
-264a34
What is 1d322 (base 15) in base 13?
34448
What is 2354364 (base 9) in base 5?
311313201
Convert 4549135 (base 10) to base 5.
2131033020
Convert 6ed8e (base 15) to base 3.
122222200022
Convert 25d04 (base 15) to base 2.
11101100011011110
What is 1200000012 (base 3) in base 2?
1000000000101010
1496 (base 15) to base 13
2019
Convert -33021110 (base 4) to base 15.
-135ab
What is 3a12 (base 12) in base 11?
4a95
-1301440222 (base 5) to base 9
-5838708
Convert -c32824 (base 14) to base 9.
-13332785
What is 126233 (base 15) in base 6?
30520233
What is 100110201102 (base 3) in base 4?
231200303
Convert -6489a (base 13) to base 4.
-230112001
What is -2cd8b (base 15) in base 16?
-235a6
What is 322564 (base 9) in base 13?
6962b
Convert 410440013 (base 5) to base 13.
45c785
What is 88808c (base 13) in base 6?
152535152
-1c3725 (base 13) to base 12
-2a9886
Convert -10001000011001110100 (base 2) to base 11.
-351847
Convert -25359c (base 14) to base 15.
-1a35d8
Convert 539e0 (base 15) to base 5.
31443420
76a (base 15) to base 13
9bb
Convert 10110011010101101000111 (base 2) to base 6.
325542131
492372 (base 11) to base 12
316a31
What is 2335574 (base 9) in base 10?
1263829
-b58b76 (base 12) to base 11
-1681004
What is -4266 (base 12) in base 13?
-340b
What is 258402 (base 9) in base 2?
100110010110000101
-20904 (base 13) to base 6
-1131303
Convert 1b2c40 (base 14) to base 6.
32430504
Convert 4a2ae (base 15) to base 8.
716500
What is 174226 (base 14) in base 11?
509752
28814 (base 12) to base 6
1113224
What is 20572 (base 14) in base 12?
39108
Convert -17a17 (base 14) to base 4.
-32203111
Convert 279344 (base 11) to base 2.
1101010101011110011
What is -10100010101001100 (base 2) in base 15?
-19a1b
Convert -806832 (base 11) to base 2.
-100111100101111110101
1420202 (base 5) to base 14
aa1d
Convert -6736367 (base 8) to base 11.
-1031859
What is 1b9257 (base 14) in base 6?
33042445
Convert -570955 (base 10) to base 8.
-2133113
-73445 (base 8) to base 4
-13130211
What is -178438 (base 12) in base 11?
-259949
Convert -112200220212 (base 3) to base 7.
-2313413
-11b845 (base 14) to base 3
-1010220002111
What is -ca6be6 (base 15) in base 4?
-210301323123
Convert 14112110300 (base 5) to base 4.
1010332202132
What is 10001101010100000011100 (base 2) in base 12?
1673878
Convert 1535004 (base 6) to base 13.
32272
Convert -12521526 (base 7) to base 3.
-2011100011010
Convert 122020121222 (base 3) to base 4.
1102313303
Convert -21122200000202 (base 3) to base 4.
-33201020000
Convert -13b595 (base 13) to base 14.
-c79a6
Convert -203011252 (base 7) to base 3.
-211100211202001
1d8035 (base 15) to base 4
11200223012
Convert -27405a (base 13) to base 11.
-59a868
-100113221 (base 4) to base 7
-366323
What is -203347 (base 15) in base 2?
-101110101011100010001
-550536 (base 7) to base 15
-1d80c
-761401 (base 15) to base 12
-1a72517
What is 300003022 (base 4) in base 9?
328867
What is 24360510 (base 7) in base 10?
2182761
What is 2cc707 (base 15) in base 3?
11002011101121
What is -13bb2 (base 14) in base 12?
-24400
What is -10000010101000011000 (base 2) in base 11?
-336002
What is 24137 (base 8) in base 13?
4920
-143082 (base 10) to base 5
-14034312
What is -1176a0 (base 13) in base 12?
-180b61
What is 9b0618 (base 13) in base 2?
1101111100110010001011
334450 (base 10) to base 3
121222210001
Convert 11330031020 (base 4) to base 11.
974046
-455144 (base 6) to base 9
-58111
-1677114 (base 8) to base 16
-77e4c
What is 100110101110011111 (base 2) in base 4?
212232133
48a09 (base 13) to base 10
133519
-423023420 (base 5) to base 8
-6573700
Convert -110001010011001 (base 2) to base 10.
-25241
Convert -2017 (base 13) to base 10.
-4414
-417866 (base 9) to base 14
-6682c
2b1c4c (base 14) to base 6
52120044
What is -a0201 (base 11) in base 12?
-70a51
Convert -1010201 (base 4) to base 7.
-15533
Convert -3a263c (base 13) to base 7.
-14641026
What is -45331031 (base 6) in base 3?
-2121010122201
What is 10110101000100101 (base 2) in base 15?
1c709
-110c53 (base 15) to base 14
-1722b8
Convert 2da480 (base 16) to base 8.
13322200
What is 69b9c (base 15) in base 8?
1221553
Convert 3310b (base 15) to base 13.
58ac9
Convert -12aa94 (base 11) to base 9.
-342128
-1189ae (base 16) to base 9
-2141554
What is -898109 (base 10) in base 16?
-db43d
-2070057 (base 10) to base 16
-1f9629
Convert 33413234 (base 5) to base 16.
47fa3
Convert -189564 (base 13) to base 15.
-c3ca6
-1620000 (base 9) to base 11
-564363
What is -2143420 (base 5) in base 2?
-1001000111110000
Convert -44313 (base 8) to base 6.
-222135
7961 (base 11) to base 5
313343
Convert -172483 (base 10) to base 9.
-282537
Convert -312b502 (base 12) to base 11.
-52601a2
What is bbcd (base 14) in base 10?
32521
-20202000122 (base 3) to base 8
-403127
Convert 20125022 (base 6) to base 11.
360285
What is 227478 (base 15) in base 2?
110010001100001011110
Convert 2422535 (base 6) to base 9.
214075
Convert 21221634 (base 8) to base 2.
10001010010001110011100
-1044242004 (base 5) to base 7
-25602534
Convert -10121300220 (base 4) to base 14.
-22082c
What is 2b5619 (base 16) in base 15?
3b1794
1134120005 (base 6) to base 4
300303210011
-124925 (base 13) to base 3
-211021212012
What is -307046 (base 10) in base 16?
-4af66
-41636650 (base 8) to base 2
-100001110011110110101000
1100120220012 (base 3) to base 15
e35bb
2a3133 (base 11) to base 7
4006011
What is 100010201220 (base 3) in base 14?
4979d
Convert 4366147 (base 11) to base 2.
11101001111011011111001
348312 (base 9) to base 10
209477
-11221020202 (base 3) to base 2
-10111101101110011
126490 (base 10) to base 3
20102111211
What is -5033333 (base 9) in base 2?
-1010001110001000110100
What is -355551 (base 15) in base 5?
-1123034301
What is 1186472 (base 9) in base 15?
cbdcb
What is 6e4ce (base 15) in base 12?
14b912
Convert 32c7ab (base 16) to base 14.
628b23
What is -756194 (base 10) in base 6?
-24112522
Convert -40363021 (base 7) to base 14.
-636711
52437 (base 9) to base 5
2101441
What is 2272271 (base 8) in base 10?
619705
-14523133 (base 6) to base 5
-112234422
11159510 (base 10) to base 8
52443726
Convert -31a009 (base 16) to base 10.
-3252233
10241420 (base 5) to base 3
11102111022
What is -11401241 (base 5) in base 11?
-72a7a
274185 (base 9) to base 2
101000110010111011
What is -1c463 (base 15) in base 8?
-263726
Convert 2513311 (base 8) to base 14.
140c89
What is 1010302120 (base 4) in base 15?
58737
Convert 3a439b (base 15) to base 4.
22223101220
Convert -221202021202112 (base 3) to base 16.
-d0d25e
307122 (base 9) to base 16
2c84f
-11110302 (base 4) to base 8
-52462
What is -436020 (base 13) in base 9?
-2873830
1002212021120 (base 3) to base 16
8f802
Convert -10564571 (base 10) to base 8.
-50231733
-1c850 (base 14) to base 12
-3629a
What is 23065241 (base 8) in base 7?
60365452
Convert -455951 (base 11) to base 3.
-1100211210121
-21823 (base 10) to base 11
-1543a
Convert 14e511 (base 16) to base 2.
101001110010100010001
What is 743b8 (base 12) in base 6?
3134352
Convert 24634242 (base 7) to base 15.
2dedbc
What is 603105 (base 8) in base 15?
3dae3
851204 (base 10) to base 7
10143434
Convert -17b140 (base 13) to base 14.
-1170b6
Convert 242746b (base 12) to base 10.
7021523
Convert -151223 (base 6) to base 14.
-543d
What is -188393 (base 11) in base 13?
-a18a3
-2331212031 (base 4) to base 3
-1110110021120
40756a (base 16) to base 14
7bd6c2
Convert 1313031233 (base 4) to base 10.
488303
What is -100110111000111111 (base 2) in base 3?
-22002111211
Convert 926c28 (base 14) to base 5.
2230423400
W